{"id":164,"date":"2025-05-27T14:25:31","date_gmt":"2025-05-27T14:25:31","guid":{"rendered":"https:\/\/stemcellinnovation.com.vn\/stem-cell-summer-2025\/?page_id=164"},"modified":"2025-05-27T14:25:31","modified_gmt":"2025-05-27T14:25:31","slug":"thong-tin-ve-cac-nhom-nghien-cuu","status":"publish","type":"page","link":"https:\/\/stemcellinnovation.com.vn\/stem-cell-summer-2025\/thong-tin-ve-cac-nhom-nghien-cuu\/","title":{"rendered":"Th\u00f4ng tin v\u1ec1 c\u00e1c nh\u00f3m nghi\u00ean c\u1ee9u"},"content":{"rendered":"\n<div class=\"wp-block-group alignwide has-global-padding is-layout-constrained wp-block-group-is-layout-constrained\">\n<div class=\"wp-block-group alignwide is-layout-grid wp-container-core-group-is-layout-418c62df wp-block-group-is-layout-grid\">\n<figure data-wp-context=\"{&quot;imageId&quot;:&quot;69f0c8dc07c38&quot;}\" data-wp-interactive=\"core\/image\" class=\"wp-block-image size-full wp-lightbox-container\"><img loading=\"lazy\" decoding=\"async\" width=\"2560\" height=\"2146\" data-wp-class--hide=\"state.isContentHidden\" data-wp-class--show=\"state.isContentVisible\" data-wp-init=\"callbacks.setButtonStyles\" data-wp-on-async--click=\"actions.showLightbox\" data-wp-on-async--load=\"callbacks.setButtonStyles\" data-wp-on-async-window--resize=\"callbacks.setButtonStyles\" src=\"https:\/\/stemcellinnovation.com.vn\/stem-cell-summer-2025\/wp-content\/uploads\/sites\/13\/2025\/05\/Nhom-SCB-without-button-scaled.png\" alt=\"\" class=\"wp-image-171\" srcset=\"https:\/\/stemcellinnovation.com.vn\/stem-cell-summer-2025\/wp-content\/uploads\/sites\/13\/2025\/05\/Nhom-SCB-without-button-scaled.png 2560w, https:\/\/stemcellinnovation.com.vn\/stem-cell-summer-2025\/wp-content\/uploads\/sites\/13\/2025\/05\/Nhom-SCB-without-button-300x251.png 300w, https:\/\/stemcellinnovation.com.vn\/stem-cell-summer-2025\/wp-content\/uploads\/sites\/13\/2025\/05\/Nhom-SCB-without-button-1024x858.png 1024w, https:\/\/stemcellinnovation.com.vn\/stem-cell-summer-2025\/wp-content\/uploads\/sites\/13\/2025\/05\/Nhom-SCB-without-button-768x644.png 768w, https:\/\/stemcellinnovation.com.vn\/stem-cell-summer-2025\/wp-content\/uploads\/sites\/13\/2025\/05\/Nhom-SCB-without-button-1536x1288.png 1536w, https:\/\/stemcellinnovation.com.vn\/stem-cell-summer-2025\/wp-content\/uploads\/sites\/13\/2025\/05\/Nhom-SCB-without-button-2048x1717.png 2048w\" sizes=\"auto, (max-width: 2560px) 100vw, 2560px\" \/><button\n\t\t\tclass=\"lightbox-trigger\"\n\t\t\ttype=\"button\"\n\t\t\taria-haspopup=\"dialog\"\n\t\t\taria-label=\"Enlarge\"\n\t\t\tdata-wp-init=\"callbacks.initTriggerButton\"\n\t\t\tdata-wp-on-async--click=\"actions.showLightbox\"\n\t\t\tdata-wp-style--right=\"state.imageButtonRight\"\n\t\t\tdata-wp-style--top=\"state.imageButtonTop\"\n\t\t>\n\t\t\t<svg xmlns=\"http:\/\/www.w3.org\/2000\/svg\" width=\"12\" height=\"12\" fill=\"none\" viewBox=\"0 0 12 12\">\n\t\t\t\t<path fill=\"#fff\" d=\"M2 0a2 2 0 0 0-2 2v2h1.5V2a.5.5 0 0 1 .5-.5h2V0H2Zm2 10.5H2a.5.5 0 0 1-.5-.5V8H0v2a2 2 0 0 0 2 2h2v-1.5ZM8 12v-1.5h2a.5.5 0 0 0 .5-.5V8H12v2a2 2 0 0 1-2 2H8Zm2-12a2 2 0 0 1 2 2v2h-1.5V2a.5.5 0 0 0-.5-.5H8V0h2Z\" \/>\n\t\t\t<\/svg>\n\t\t<\/button><\/figure>\n\n\n\n<figure data-wp-context=\"{&quot;imageId&quot;:&quot;69f0c8dc07e53&quot;}\" data-wp-interactive=\"core\/image\" class=\"wp-block-image size-full wp-lightbox-container\"><img loading=\"lazy\" decoding=\"async\" width=\"2560\" height=\"2146\" data-wp-class--hide=\"state.isContentHidden\" data-wp-class--show=\"state.isContentVisible\" data-wp-init=\"callbacks.setButtonStyles\" data-wp-on-async--click=\"actions.showLightbox\" data-wp-on-async--load=\"callbacks.setButtonStyles\" data-wp-on-async-window--resize=\"callbacks.setButtonStyles\" src=\"https:\/\/stemcellinnovation.com.vn\/stem-cell-summer-2025\/wp-content\/uploads\/sites\/13\/2025\/05\/Nhom-CSC-without-button-scaled.png\" alt=\"\" class=\"wp-image-172\" srcset=\"https:\/\/stemcellinnovation.com.vn\/stem-cell-summer-2025\/wp-content\/uploads\/sites\/13\/2025\/05\/Nhom-CSC-without-button-scaled.png 2560w, https:\/\/stemcellinnovation.com.vn\/stem-cell-summer-2025\/wp-content\/uploads\/sites\/13\/2025\/05\/Nhom-CSC-without-button-300x251.png 300w, https:\/\/stemcellinnovation.com.vn\/stem-cell-summer-2025\/wp-content\/uploads\/sites\/13\/2025\/05\/Nhom-CSC-without-button-1024x858.png 1024w, https:\/\/stemcellinnovation.com.vn\/stem-cell-summer-2025\/wp-content\/uploads\/sites\/13\/2025\/05\/Nhom-CSC-without-button-768x644.png 768w, https:\/\/stemcellinnovation.com.vn\/stem-cell-summer-2025\/wp-content\/uploads\/sites\/13\/2025\/05\/Nhom-CSC-without-button-1536x1288.png 1536w, https:\/\/stemcellinnovation.com.vn\/stem-cell-summer-2025\/wp-content\/uploads\/sites\/13\/2025\/05\/Nhom-CSC-without-button-2048x1717.png 2048w\" sizes=\"auto, (max-width: 2560px) 100vw, 2560px\" \/><button\n\t\t\tclass=\"lightbox-trigger\"\n\t\t\ttype=\"button\"\n\t\t\taria-haspopup=\"dialog\"\n\t\t\taria-label=\"Enlarge\"\n\t\t\tdata-wp-init=\"callbacks.initTriggerButton\"\n\t\t\tdata-wp-on-async--click=\"actions.showLightbox\"\n\t\t\tdata-wp-style--right=\"state.imageButtonRight\"\n\t\t\tdata-wp-style--top=\"state.imageButtonTop\"\n\t\t>\n\t\t\t<svg xmlns=\"http:\/\/www.w3.org\/2000\/svg\" width=\"12\" height=\"12\" fill=\"none\" viewBox=\"0 0 12 12\">\n\t\t\t\t<path fill=\"#fff\" d=\"M2 0a2 2 0 0 0-2 2v2h1.5V2a.5.5 0 0 1 .5-.5h2V0H2Zm2 10.5H2a.5.5 0 0 1-.5-.5V8H0v2a2 2 0 0 0 2 2h2v-1.5ZM8 12v-1.5h2a.5.5 0 0 0 .5-.5V8H12v2a2 2 0 0 1-2 2H8Zm2-12a2 2 0 0 1 2 2v2h-1.5V2a.5.5 0 0 0-.5-.5H8V0h2Z\" \/>\n\t\t\t<\/svg>\n\t\t<\/button><\/figure>\n\n\n\n<figure data-wp-context=\"{&quot;imageId&quot;:&quot;69f0c8dc0801f&quot;}\" data-wp-interactive=\"core\/image\" class=\"wp-block-image size-full wp-lightbox-container\"><img loading=\"lazy\" decoding=\"async\" width=\"2560\" height=\"2146\" data-wp-class--hide=\"state.isContentHidden\" data-wp-class--show=\"state.isContentVisible\" data-wp-init=\"callbacks.setButtonStyles\" data-wp-on-async--click=\"actions.showLightbox\" data-wp-on-async--load=\"callbacks.setButtonStyles\" data-wp-on-async-window--resize=\"callbacks.setButtonStyles\" src=\"https:\/\/stemcellinnovation.com.vn\/stem-cell-summer-2025\/wp-content\/uploads\/sites\/13\/2025\/05\/Nhom-ART-without-button-scaled.png\" alt=\"\" class=\"wp-image-173\" srcset=\"https:\/\/stemcellinnovation.com.vn\/stem-cell-summer-2025\/wp-content\/uploads\/sites\/13\/2025\/05\/Nhom-ART-without-button-scaled.png 2560w, https:\/\/stemcellinnovation.com.vn\/stem-cell-summer-2025\/wp-content\/uploads\/sites\/13\/2025\/05\/Nhom-ART-without-button-300x251.png 300w, https:\/\/stemcellinnovation.com.vn\/stem-cell-summer-2025\/wp-content\/uploads\/sites\/13\/2025\/05\/Nhom-ART-without-button-1024x858.png 1024w, https:\/\/stemcellinnovation.com.vn\/stem-cell-summer-2025\/wp-content\/uploads\/sites\/13\/2025\/05\/Nhom-ART-without-button-768x644.png 768w, https:\/\/stemcellinnovation.com.vn\/stem-cell-summer-2025\/wp-content\/uploads\/sites\/13\/2025\/05\/Nhom-ART-without-button-1536x1288.png 1536w, https:\/\/stemcellinnovation.com.vn\/stem-cell-summer-2025\/wp-content\/uploads\/sites\/13\/2025\/05\/Nhom-ART-without-button-2048x1717.png 2048w\" sizes=\"auto, (max-width: 2560px) 100vw, 2560px\" \/><button\n\t\t\tclass=\"lightbox-trigger\"\n\t\t\ttype=\"button\"\n\t\t\taria-haspopup=\"dialog\"\n\t\t\taria-label=\"Enlarge\"\n\t\t\tdata-wp-init=\"callbacks.initTriggerButton\"\n\t\t\tdata-wp-on-async--click=\"actions.showLightbox\"\n\t\t\tdata-wp-style--right=\"state.imageButtonRight\"\n\t\t\tdata-wp-style--top=\"state.imageButtonTop\"\n\t\t>\n\t\t\t<svg xmlns=\"http:\/\/www.w3.org\/2000\/svg\" width=\"12\" height=\"12\" fill=\"none\" viewBox=\"0 0 12 12\">\n\t\t\t\t<path fill=\"#fff\" d=\"M2 0a2 2 0 0 0-2 2v2h1.5V2a.5.5 0 0 1 .5-.5h2V0H2Zm2 10.5H2a.5.5 0 0 1-.5-.5V8H0v2a2 2 0 0 0 2 2h2v-1.5ZM8 12v-1.5h2a.5.5 0 0 0 .5-.5V8H12v2a2 2 0 0 1-2 2H8Zm2-12a2 2 0 0 1 2 2v2h-1.5V2a.5.5 0 0 0-.5-.5H8V0h2Z\" \/>\n\t\t\t<\/svg>\n\t\t<\/button><\/figure>\n\n\n\n<figure data-wp-context=\"{&quot;imageId&quot;:&quot;69f0c8dc081f7&quot;}\" data-wp-interactive=\"core\/image\" class=\"wp-block-image size-full wp-lightbox-container\"><img loading=\"lazy\" decoding=\"async\" width=\"2560\" height=\"2146\" data-wp-class--hide=\"state.isContentHidden\" data-wp-class--show=\"state.isContentVisible\" data-wp-init=\"callbacks.setButtonStyles\" data-wp-on-async--click=\"actions.showLightbox\" data-wp-on-async--load=\"callbacks.setButtonStyles\" data-wp-on-async-window--resize=\"callbacks.setButtonStyles\" src=\"https:\/\/stemcellinnovation.com.vn\/stem-cell-summer-2025\/wp-content\/uploads\/sites\/13\/2025\/05\/Nhom-RRM-without-button-scaled.png\" alt=\"\" class=\"wp-image-174\" srcset=\"https:\/\/stemcellinnovation.com.vn\/stem-cell-summer-2025\/wp-content\/uploads\/sites\/13\/2025\/05\/Nhom-RRM-without-button-scaled.png 2560w, https:\/\/stemcellinnovation.com.vn\/stem-cell-summer-2025\/wp-content\/uploads\/sites\/13\/2025\/05\/Nhom-RRM-without-button-300x251.png 300w, https:\/\/stemcellinnovation.com.vn\/stem-cell-summer-2025\/wp-content\/uploads\/sites\/13\/2025\/05\/Nhom-RRM-without-button-1024x858.png 1024w, https:\/\/stemcellinnovation.com.vn\/stem-cell-summer-2025\/wp-content\/uploads\/sites\/13\/2025\/05\/Nhom-RRM-without-button-768x644.png 768w, https:\/\/stemcellinnovation.com.vn\/stem-cell-summer-2025\/wp-content\/uploads\/sites\/13\/2025\/05\/Nhom-RRM-without-button-1536x1288.png 1536w, https:\/\/stemcellinnovation.com.vn\/stem-cell-summer-2025\/wp-content\/uploads\/sites\/13\/2025\/05\/Nhom-RRM-without-button-2048x1717.png 2048w\" sizes=\"auto, (max-width: 2560px) 100vw, 2560px\" \/><button\n\t\t\tclass=\"lightbox-trigger\"\n\t\t\ttype=\"button\"\n\t\t\taria-haspopup=\"dialog\"\n\t\t\taria-label=\"Enlarge\"\n\t\t\tdata-wp-init=\"callbacks.initTriggerButton\"\n\t\t\tdata-wp-on-async--click=\"actions.showLightbox\"\n\t\t\tdata-wp-style--right=\"state.imageButtonRight\"\n\t\t\tdata-wp-style--top=\"state.imageButtonTop\"\n\t\t>\n\t\t\t<svg xmlns=\"http:\/\/www.w3.org\/2000\/svg\" width=\"12\" height=\"12\" fill=\"none\" viewBox=\"0 0 12 12\">\n\t\t\t\t<path fill=\"#fff\" d=\"M2 0a2 2 0 0 0-2 2v2h1.5V2a.5.5 0 0 1 .5-.5h2V0H2Zm2 10.5H2a.5.5 0 0 1-.5-.5V8H0v2a2 2 0 0 0 2 2h2v-1.5ZM8 12v-1.5h2a.5.5 0 0 0 .5-.5V8H12v2a2 2 0 0 1-2 2H8Zm2-12a2 2 0 0 1 2 2v2h-1.5V2a.5.5 0 0 0-.5-.5H8V0h2Z\" \/>\n\t\t\t<\/svg>\n\t\t<\/button><\/figure>\n\n\n\n<figure data-wp-context=\"{&quot;imageId&quot;:&quot;69f0c8dc083c1&quot;}\" data-wp-interactive=\"core\/image\" class=\"wp-block-image size-full wp-lightbox-container\"><img loading=\"lazy\" decoding=\"async\" width=\"2560\" height=\"2146\" data-wp-class--hide=\"state.isContentHidden\" data-wp-class--show=\"state.isContentVisible\" data-wp-init=\"callbacks.setButtonStyles\" data-wp-on-async--click=\"actions.showLightbox\" data-wp-on-async--load=\"callbacks.setButtonStyles\" data-wp-on-async-window--resize=\"callbacks.setButtonStyles\" src=\"https:\/\/stemcellinnovation.com.vn\/stem-cell-summer-2025\/wp-content\/uploads\/sites\/13\/2025\/05\/Nhom-DTREAD-without-button-scaled.png\" alt=\"\" class=\"wp-image-175\" srcset=\"https:\/\/stemcellinnovation.com.vn\/stem-cell-summer-2025\/wp-content\/uploads\/sites\/13\/2025\/05\/Nhom-DTREAD-without-button-scaled.png 2560w, https:\/\/stemcellinnovation.com.vn\/stem-cell-summer-2025\/wp-content\/uploads\/sites\/13\/2025\/05\/Nhom-DTREAD-without-button-300x251.png 300w, https:\/\/stemcellinnovation.com.vn\/stem-cell-summer-2025\/wp-content\/uploads\/sites\/13\/2025\/05\/Nhom-DTREAD-without-button-1024x858.png 1024w, https:\/\/stemcellinnovation.com.vn\/stem-cell-summer-2025\/wp-content\/uploads\/sites\/13\/2025\/05\/Nhom-DTREAD-without-button-768x644.png 768w, https:\/\/stemcellinnovation.com.vn\/stem-cell-summer-2025\/wp-content\/uploads\/sites\/13\/2025\/05\/Nhom-DTREAD-without-button-1536x1288.png 1536w, https:\/\/stemcellinnovation.com.vn\/stem-cell-summer-2025\/wp-content\/uploads\/sites\/13\/2025\/05\/Nhom-DTREAD-without-button-2048x1717.png 2048w\" sizes=\"auto, (max-width: 2560px) 100vw, 2560px\" \/><button\n\t\t\tclass=\"lightbox-trigger\"\n\t\t\ttype=\"button\"\n\t\t\taria-haspopup=\"dialog\"\n\t\t\taria-label=\"Enlarge\"\n\t\t\tdata-wp-init=\"callbacks.initTriggerButton\"\n\t\t\tdata-wp-on-async--click=\"actions.showLightbox\"\n\t\t\tdata-wp-style--right=\"state.imageButtonRight\"\n\t\t\tdata-wp-style--top=\"state.imageButtonTop\"\n\t\t>\n\t\t\t<svg xmlns=\"http:\/\/www.w3.org\/2000\/svg\" width=\"12\" height=\"12\" fill=\"none\" viewBox=\"0 0 12 12\">\n\t\t\t\t<path fill=\"#fff\" d=\"M2 0a2 2 0 0 0-2 2v2h1.5V2a.5.5 0 0 1 .5-.5h2V0H2Zm2 10.5H2a.5.5 0 0 1-.5-.5V8H0v2a2 2 0 0 0 2 2h2v-1.5ZM8 12v-1.5h2a.5.5 0 0 0 .5-.5V8H12v2a2 2 0 0 1-2 2H8Zm2-12a2 2 0 0 1 2 2v2h-1.5V2a.5.5 0 0 0-.5-.5H8V0h2Z\" \/>\n\t\t\t<\/svg>\n\t\t<\/button><\/figure>\n\n\n\n<figure data-wp-context=\"{&quot;imageId&quot;:&quot;69f0c8dc0858c&quot;}\" data-wp-interactive=\"core\/image\" class=\"wp-block-image size-full wp-lightbox-container\"><img loading=\"lazy\" decoding=\"async\" width=\"2560\" height=\"2146\" data-wp-class--hide=\"state.isContentHidden\" data-wp-class--show=\"state.isContentVisible\" data-wp-init=\"callbacks.setButtonStyles\" data-wp-on-async--click=\"actions.showLightbox\" data-wp-on-async--load=\"callbacks.setButtonStyles\" data-wp-on-async-window--resize=\"callbacks.setButtonStyles\" src=\"https:\/\/stemcellinnovation.com.vn\/stem-cell-summer-2025\/wp-content\/uploads\/sites\/13\/2025\/05\/Nhom-Cosmeceuticals-without-button-scaled.png\" alt=\"\" class=\"wp-image-176\" srcset=\"https:\/\/stemcellinnovation.com.vn\/stem-cell-summer-2025\/wp-content\/uploads\/sites\/13\/2025\/05\/Nhom-Cosmeceuticals-without-button-scaled.png 2560w, https:\/\/stemcellinnovation.com.vn\/stem-cell-summer-2025\/wp-content\/uploads\/sites\/13\/2025\/05\/Nhom-Cosmeceuticals-without-button-300x251.png 300w, https:\/\/stemcellinnovation.com.vn\/stem-cell-summer-2025\/wp-content\/uploads\/sites\/13\/2025\/05\/Nhom-Cosmeceuticals-without-button-1024x858.png 1024w, https:\/\/stemcellinnovation.com.vn\/stem-cell-summer-2025\/wp-content\/uploads\/sites\/13\/2025\/05\/Nhom-Cosmeceuticals-without-button-768x644.png 768w, https:\/\/stemcellinnovation.com.vn\/stem-cell-summer-2025\/wp-content\/uploads\/sites\/13\/2025\/05\/Nhom-Cosmeceuticals-without-button-1536x1288.png 1536w, https:\/\/stemcellinnovation.com.vn\/stem-cell-summer-2025\/wp-content\/uploads\/sites\/13\/2025\/05\/Nhom-Cosmeceuticals-without-button-2048x1717.png 2048w\" sizes=\"auto, (max-width: 2560px) 100vw, 2560px\" \/><button\n\t\t\tclass=\"lightbox-trigger\"\n\t\t\ttype=\"button\"\n\t\t\taria-haspopup=\"dialog\"\n\t\t\taria-label=\"Enlarge\"\n\t\t\tdata-wp-init=\"callbacks.initTriggerButton\"\n\t\t\tdata-wp-on-async--click=\"actions.showLightbox\"\n\t\t\tdata-wp-style--right=\"state.imageButtonRight\"\n\t\t\tdata-wp-style--top=\"state.imageButtonTop\"\n\t\t>\n\t\t\t<svg xmlns=\"http:\/\/www.w3.org\/2000\/svg\" width=\"12\" height=\"12\" fill=\"none\" viewBox=\"0 0 12 12\">\n\t\t\t\t<path fill=\"#fff\" d=\"M2 0a2 2 0 0 0-2 2v2h1.5V2a.5.5 0 0 1 .5-.5h2V0H2Zm2 10.5H2a.5.5 0 0 1-.5-.5V8H0v2a2 2 0 0 0 2 2h2v-1.5ZM8 12v-1.5h2a.5.5 0 0 0 .5-.5V8H12v2a2 2 0 0 1-2 2H8Zm2-12a2 2 0 0 1 2 2v2h-1.5V2a.5.5 0 0 0-.5-.5H8V0h2Z\" \/>\n\t\t\t<\/svg>\n\t\t<\/button><\/figure>\n<\/div>\n<\/div>\n","protected":false},"excerpt":{"rendered":"","protected":false},"author":1,"featured_media":0,"parent":0,"menu_order":0,"comment_status":"closed","ping_status":"closed","template":"page-standard","meta":{"footnotes":""},"class_list":["post-164","page","type-page","status-publish","hentry"],"_links":{"self":[{"href":"https:\/\/stemcellinnovation.com.vn\/stem-cell-summer-2025\/wp-json\/wp\/v2\/pages\/164","targetHints":{"allow":["GET"]}}],"collection":[{"href":"https:\/\/stemcellinnovation.com.vn\/stem-cell-summer-2025\/wp-json\/wp\/v2\/pages"}],"about":[{"href":"https:\/\/stemcellinnovation.com.vn\/stem-cell-summer-2025\/wp-json\/wp\/v2\/types\/page"}],"author":[{"embeddable":true,"href":"https:\/\/stemcellinnovation.com.vn\/stem-cell-summer-2025\/wp-json\/wp\/v2\/users\/1"}],"replies":[{"embeddable":true,"href":"https:\/\/stemcellinnovation.com.vn\/stem-cell-summer-2025\/wp-json\/wp\/v2\/comments?post=164"}],"version-history":[{"count":1,"href":"https:\/\/stemcellinnovation.com.vn\/stem-cell-summer-2025\/wp-json\/wp\/v2\/pages\/164\/revisions"}],"predecessor-version":[{"id":177,"href":"https:\/\/stemcellinnovation.com.vn\/stem-cell-summer-2025\/wp-json\/wp\/v2\/pages\/164\/revisions\/177"}],"wp:attachment":[{"href":"https:\/\/stemcellinnovation.com.vn\/stem-cell-summer-2025\/wp-json\/wp\/v2\/media?parent=164"}],"curies":[{"name":"wp","href":"https:\/\/api.w.org\/{rel}","templated":true}]}}