{"id":28,"date":"2024-07-31T02:38:09","date_gmt":"2024-07-31T02:38:09","guid":{"rendered":"https:\/\/stemcellinnovation.com.vn\/2024\/?page_id=28"},"modified":"2024-12-07T11:27:02","modified_gmt":"2024-12-07T04:27:02","slug":"nha-tai-tro","status":"publish","type":"page","link":"https:\/\/stemcellinnovation.com.vn\/2024\/nha-tai-tro\/","title":{"rendered":"NH\u00c0 T\u00c0I TR\u1ee2"},"content":{"rendered":"\n<div class=\"wp-block-group alignwide has-global-padding is-layout-constrained wp-container-core-group-is-layout-346627ba wp-block-group-is-layout-constrained\">\n<div class=\"wp-block-group alignwide has-global-padding is-layout-constrained wp-block-group-is-layout-constrained\">\n<div class=\"wp-block-group has-global-padding is-layout-constrained wp-block-group-is-layout-constrained\">\n<p class=\"has-text-align-center has-text-color has-link-color has-alegreya-font-family has-large-font-size wp-elements-07b59b3600166d01811ad603b354204d\" style=\"color:#ff0000;font-style:italic;font-weight:500\">C\u1ea3m \u01a1n c\u00e1c Qu\u00fd nh\u00e0 t\u00e0i tr\u1ee3 \u0111\u00e3 \u0111i c\u00f9ng <\/p>\n\n\n\n<p class=\"has-text-align-center has-text-color has-link-color has-alegreya-font-family has-large-font-size wp-elements-61810c058c75e5f5457e3c305149bdb1\" style=\"color:#ff0000;font-style:italic;font-weight:500\">Cu\u1ed9c thi S\u00e1ng t\u1ea1o T\u1ebf b\u00e0o g\u1ed1c Stem Cell Innovation <\/p>\n\n\n\n<p class=\"has-text-align-center has-text-color has-link-color has-alegreya-font-family has-large-font-size wp-elements-2d46cb7723437c6b94cd53334405755e\" style=\"color:#ff0000;font-style:italic;font-weight:500\">l\u1ea7n 9 &#8211; 2024<\/p>\n<\/div>\n\n\n\n<div class=\"wp-block-group alignwide has-global-padding is-layout-constrained wp-container-core-group-is-layout-42429b38 wp-block-group-is-layout-constrained\">\n<figure class=\"wp-block-video\"><video autoplay controls loop muted src=\"https:\/\/stemcellinnovation.com.vn\/2024\/wp-content\/uploads\/sites\/12\/2024\/10\/Xu-li-hinh-anh-2048-x-2048-px-1.mp4\"><\/video><\/figure>\n<\/div>\n<\/div>\n\n\n\n<div class=\"wp-block-group has-global-padding is-layout-constrained wp-block-group-is-layout-constrained\">\n<p class=\"has-text-align-center has-accent-3-color has-text-color has-link-color has-source-sans-3-font-family has-x-large-font-size wp-elements-77636047060a9d1f429e4bf6f3c12795\"><strong>H\u00c3Y C\u00d9NG CH\u00daNG T\u00d4I \u0110\u1ed2NG H\u00c0NH C\u00d9NG C\u00c1C \u0110\u1ed8I THI T\u1ea0I SCI#9<\/strong><\/p>\n\n\n\n<figure class=\"wp-block-image aligncenter size-full is-resized\"><a href=\"https:\/\/stemcellinnovation.com.vn\/2023\/don-vi-truyen-thong\/\"><img loading=\"lazy\" decoding=\"async\" width=\"1810\" height=\"2560\" src=\"https:\/\/stemcellinnovation.com.vn\/2024\/wp-content\/uploads\/sites\/12\/2024\/08\/Ho-so-moi-tai-tro-SCI-2024-1-17-1_page-0001-scaled.jpg\" alt=\"\" class=\"wp-image-155\" style=\"width:343px;height:auto\" srcset=\"https:\/\/stemcellinnovation.com.vn\/2024\/wp-content\/uploads\/sites\/12\/2024\/08\/Ho-so-moi-tai-tro-SCI-2024-1-17-1_page-0001-scaled.jpg 1810w, https:\/\/stemcellinnovation.com.vn\/2024\/wp-content\/uploads\/sites\/12\/2024\/08\/Ho-so-moi-tai-tro-SCI-2024-1-17-1_page-0001-212x300.jpg 212w, https:\/\/stemcellinnovation.com.vn\/2024\/wp-content\/uploads\/sites\/12\/2024\/08\/Ho-so-moi-tai-tro-SCI-2024-1-17-1_page-0001-724x1024.jpg 724w, https:\/\/stemcellinnovation.com.vn\/2024\/wp-content\/uploads\/sites\/12\/2024\/08\/Ho-so-moi-tai-tro-SCI-2024-1-17-1_page-0001-768x1086.jpg 768w, https:\/\/stemcellinnovation.com.vn\/2024\/wp-content\/uploads\/sites\/12\/2024\/08\/Ho-so-moi-tai-tro-SCI-2024-1-17-1_page-0001-1086x1536.jpg 1086w, https:\/\/stemcellinnovation.com.vn\/2024\/wp-content\/uploads\/sites\/12\/2024\/08\/Ho-so-moi-tai-tro-SCI-2024-1-17-1_page-0001-1448x2048.jpg 1448w\" sizes=\"auto, (max-width: 1810px) 100vw, 1810px\" \/><\/a><\/figure>\n<\/div>\n\n\n\n<div class=\"wp-block-group has-global-padding is-layout-constrained wp-block-group-is-layout-constrained\">\n<h2 class=\"wp-block-heading has-text-align-center has-large-font-size\">Stem Cell Innovation &#8211; cu\u1ed9c thi h\u1ecdc thu\u1eadt uy t\u00edn, ch\u1ea5t l\u01b0\u1ee3ng v\u00e0 \u0111\u1ea7y s\u00e1ng t\u1ea1o<\/h2>\n\n\n\n<div class=\"wp-block-columns is-layout-flex wp-container-core-columns-is-layout-28f84493 wp-block-columns-is-layout-flex\">\n<div class=\"wp-block-column is-layout-flow wp-block-column-is-layout-flow\">\n<div class=\"wp-block-buttons is-layout-flex wp-block-buttons-is-layout-flex\">\n<div class=\"wp-block-button has-custom-width wp-block-button__width-100 has-custom-font-size is-style-fill has-large-font-size\"><a class=\"wp-block-button__link has-contrast-color has-text-color has-background has-link-color has-border-color wp-element-button\" href=\"https:\/\/stemcellinnovation.com.vn\/2024\/wp-content\/uploads\/sites\/12\/2024\/08\/Ho-so-moi-tai-tro-SCI-2024-1.pdf\" style=\"border-color:#ffb640;border-width:1px;border-radius:78px;background-color:#ffe627;padding-top:var(--wp--preset--spacing--10);padding-right:0;padding-bottom:var(--wp--preset--spacing--10);padding-left:0\" target=\"_blank\" rel=\"noreferrer noopener\">H\u1ed3 s\u01a1 m\u1eddi t\u00e0i tr\u1ee3<br>(Ti\u1ebfng Vi\u1ec7t)<\/a><\/div>\n<\/div>\n<\/div>\n\n\n\n<div class=\"wp-block-column is-layout-flow wp-block-column-is-layout-flow\">\n<div class=\"wp-block-buttons is-layout-flex wp-block-buttons-is-layout-flex\">\n<div class=\"wp-block-button has-custom-width wp-block-button__width-100 has-custom-font-size is-style-fill has-large-font-size\"><a class=\"wp-block-button__link has-contrast-color has-text-color has-background has-link-color has-border-color wp-element-button\" href=\"https:\/\/stemcellinnovation.com.vn\/2024\/wp-content\/uploads\/sites\/12\/2024\/08\/Sponsorship_SCI-2024_compressed-1.pdf\" style=\"border-color:#ffb640;border-width:1px;border-radius:78px;background-color:#ffe627;padding-top:var(--wp--preset--spacing--10);padding-right:0;padding-bottom:var(--wp--preset--spacing--10);padding-left:0\" target=\"_blank\" rel=\"noreferrer noopener\">H\u1ed3 s\u01a1 m\u1eddi t\u00e0i tr\u1ee3<br>(English)<\/a><\/div>\n<\/div>\n<\/div>\n<\/div>\n<\/div>\n<\/div>\n","protected":false},"excerpt":{"rendered":"<p>C\u1ea3m \u01a1n c\u00e1c Qu\u00fd nh\u00e0 t\u00e0i tr\u1ee3 \u0111\u00e3 \u0111i c\u00f9ng Cu\u1ed9c thi S\u00e1ng t\u1ea1o T\u1ebf b\u00e0o g\u1ed1c Stem Cell Innovation l\u1ea7n 9 &#8211; 2024 H\u00c3Y C\u00d9NG CH\u00daNG T\u00d4I \u0110\u1ed2NG H\u00c0NH C\u00d9NG C\u00c1C \u0110\u1ed8I THI T\u1ea0I SCI#9 Stem Cell Innovation &#8211; cu\u1ed9c thi h\u1ecdc thu\u1eadt uy t\u00edn, ch\u1ea5t l\u01b0\u1ee3ng v\u00e0 \u0111\u1ea7y s\u00e1ng t\u1ea1o<\/p>\n","protected":false},"author":1,"featured_media":0,"parent":0,"menu_order":0,"comment_status":"closed","ping_status":"closed","template":"custom-without-title","meta":{"_eb_attr":"","footnotes":""},"class_list":["post-28","page","type-page","status-publish","hentry"],"jetpack-related-posts":[{"id":20,"url":"https:\/\/stemcellinnovation.com.vn\/2024\/giai-thuong\/","url_meta":{"origin":28,"position":0},"title":"GI\u1ea2I TH\u01af\u1edeNG","author":"admin","date":"31\/07\/2024","format":false,"excerpt":"Gi\u1ea3i th\u01b0\u1edfng ch\u00ednh 01 gi\u1ea3i nh\u1ea5t T\u1ed5ng gi\u00e1 tr\u1ecb gi\u1ea3i th\u01b0\u1edfng h\u01a1n 75 tri\u1ec7u \u0111\u1ed3ng g\u1ed3m 30 tri\u1ec7u \u0111\u1ed3ng ti\u1ec1n th\u01b0\u1edfng + Kh\u00f3a h\u1ecdc nu\u00f4i c\u1ea5y t\u1ebf b\u00e0o g\u1ed1c (15 tri\u1ec7u \u0111\u1ed3ng\/ kh\u00f3a) cho c\u1ea3 3 th\u00ed sinh + c\u00e1c ph\u1ea7n qu\u00e0 t\u1eeb nh\u00e0 t\u00e0i tr\u1ee3 Gi\u1ea5y ch\u1ee9ng nh\u1eadn gi\u1ea3i\u2026","rel":"","context":"Similar post","block_context":{"text":"Similar post","link":""},"img":{"alt_text":"","src":"https:\/\/i0.wp.com\/stemcellinnovation.com.vn\/2024\/wp-content\/uploads\/sites\/12\/2024\/08\/truyen-thong-chung-ket.png?resize=350%2C200&ssl=1","width":350,"height":200,"srcset":"https:\/\/i0.wp.com\/stemcellinnovation.com.vn\/2024\/wp-content\/uploads\/sites\/12\/2024\/08\/truyen-thong-chung-ket.png?resize=350%2C200&ssl=1 1x, https:\/\/i0.wp.com\/stemcellinnovation.com.vn\/2024\/wp-content\/uploads\/sites\/12\/2024\/08\/truyen-thong-chung-ket.png?resize=525%2C300&ssl=1 1.5x, https:\/\/i0.wp.com\/stemcellinnovation.com.vn\/2024\/wp-content\/uploads\/sites\/12\/2024\/08\/truyen-thong-chung-ket.png?resize=700%2C400&ssl=1 2x, https:\/\/i0.wp.com\/stemcellinnovation.com.vn\/2024\/wp-content\/uploads\/sites\/12\/2024\/08\/truyen-thong-chung-ket.png?resize=1050%2C600&ssl=1 3x, https:\/\/i0.wp.com\/stemcellinnovation.com.vn\/2024\/wp-content\/uploads\/sites\/12\/2024\/08\/truyen-thong-chung-ket.png?resize=1400%2C800&ssl=1 4x"},"classes":[]},{"id":30,"url":"https:\/\/stemcellinnovation.com.vn\/2024\/lien-he\/","url_meta":{"origin":28,"position":1},"title":"LI\u00caN H\u1ec6","author":"admin","date":"31\/07\/2024","format":false,"excerpt":"BAN T\u1ed4 CH\u1ee8C CU\u1ed8C THI S\u00c1NG T\u1ea0O T\u1ebe B\u00c0O G\u1ed0CSTEM CELL INNOVATION L\u1ea6N 9 - 2024 \u0110\u1ecba ch\u1ec9: Vi\u1ec7n T\u1ebf b\u00e0o g\u1ed1c, T\u00f2a nh\u00e0 B2-3, Tr\u01b0\u1eddng \u0110\u1ea1i h\u1ecdc Khoa h\u1ecdc t\u1ef1 nhi\u00ean, Khu ph\u1ed1 6, Ph\u01b0\u1eddng Linh Trung, Th\u00e0nh ph\u1ed1 Th\u1ee7 \u0110\u1ee9c, Th\u00e0nh ph\u1ed1 H\u1ed3 Ch\u00ed Minh \u0110i\u1ec7n tho\u1ea1i: 028\u2026","rel":"","context":"Similar post","block_context":{"text":"Similar post","link":""},"img":{"alt_text":"","src":"https:\/\/i0.wp.com\/stemcellinnovation.com.vn\/2024\/wp-content\/uploads\/sites\/12\/2024\/08\/a55559bbfd125d4c0403-scaled.jpg?resize=350%2C200&ssl=1","width":350,"height":200,"srcset":"https:\/\/i0.wp.com\/stemcellinnovation.com.vn\/2024\/wp-content\/uploads\/sites\/12\/2024\/08\/a55559bbfd125d4c0403-scaled.jpg?resize=350%2C200&ssl=1 1x, https:\/\/i0.wp.com\/stemcellinnovation.com.vn\/2024\/wp-content\/uploads\/sites\/12\/2024\/08\/a55559bbfd125d4c0403-scaled.jpg?resize=525%2C300&ssl=1 1.5x, https:\/\/i0.wp.com\/stemcellinnovation.com.vn\/2024\/wp-content\/uploads\/sites\/12\/2024\/08\/a55559bbfd125d4c0403-scaled.jpg?resize=700%2C400&ssl=1 2x, https:\/\/i0.wp.com\/stemcellinnovation.com.vn\/2024\/wp-content\/uploads\/sites\/12\/2024\/08\/a55559bbfd125d4c0403-scaled.jpg?resize=1050%2C600&ssl=1 3x, https:\/\/i0.wp.com\/stemcellinnovation.com.vn\/2024\/wp-content\/uploads\/sites\/12\/2024\/08\/a55559bbfd125d4c0403-scaled.jpg?resize=1400%2C800&ssl=1 4x"},"classes":[]},{"id":22,"url":"https:\/\/stemcellinnovation.com.vn\/2024\/danh-sach-doi-thi\/","url_meta":{"origin":28,"position":2},"title":"DANH S\u00c1CH \u0110\u1ed8I THI","author":"admin","date":"31\/07\/2024","format":false,"excerpt":"CH\u00c0O M\u1eeaNG C\u00c1C \u0110\u1ed8I THI SCI#9","rel":"","context":"Similar post","block_context":{"text":"Similar post","link":""},"img":{"alt_text":"","src":"","width":0,"height":0},"classes":[]}],"jetpack_sharing_enabled":true,"_links":{"self":[{"href":"https:\/\/stemcellinnovation.com.vn\/2024\/wp-json\/wp\/v2\/pages\/28","targetHints":{"allow":["GET"]}}],"collection":[{"href":"https:\/\/stemcellinnovation.com.vn\/2024\/wp-json\/wp\/v2\/pages"}],"about":[{"href":"https:\/\/stemcellinnovation.com.vn\/2024\/wp-json\/wp\/v2\/types\/page"}],"author":[{"embeddable":true,"href":"https:\/\/stemcellinnovation.com.vn\/2024\/wp-json\/wp\/v2\/users\/1"}],"replies":[{"embeddable":true,"href":"https:\/\/stemcellinnovation.com.vn\/2024\/wp-json\/wp\/v2\/comments?post=28"}],"version-history":[{"count":22,"href":"https:\/\/stemcellinnovation.com.vn\/2024\/wp-json\/wp\/v2\/pages\/28\/revisions"}],"predecessor-version":[{"id":411,"href":"https:\/\/stemcellinnovation.com.vn\/2024\/wp-json\/wp\/v2\/pages\/28\/revisions\/411"}],"wp:attachment":[{"href":"https:\/\/stemcellinnovation.com.vn\/2024\/wp-json\/wp\/v2\/media?parent=28"}],"curies":[{"name":"wp","href":"https:\/\/api.w.org\/{rel}","templated":true}]}}